{"id":618,"date":"2024-08-04T18:08:15","date_gmt":"2024-08-04T18:08:15","guid":{"rendered":"https:\/\/gvu.ocl.mybluehost.me\/baja-and-california\/?page_id=618"},"modified":"2024-09-13T00:24:27","modified_gmt":"2024-09-13T00:24:27","slug":"ceramic-pipes","status":"publish","type":"page","link":"https:\/\/sandiegoarchaeology.org\/baja-and-california\/ceramic-pipes\/","title":{"rendered":"Ceramic Pipes"},"content":{"rendered":"<p>Ceramic smoking pipes are an uncommon artifact type in San Diego County. Two main pipe styles have been recognized: a straight, tubular form; and a curved, bow-shaped form with a flanged handle. Within the first type, a subtype of pipes with a flared bowl has sometimes been distinguished.<\/p>\n<p><img loading=\"lazy\" decoding=\"async\" class=\"size-full wp-image-619 alignright\" src=\"http:\/\/sandiegoarchaeology.org\/baja-and-california\/wp-content\/uploads\/2024\/08\/pipes-with-caption.gif\" alt=\"\" width=\"224\" height=\"192\" \/>Several ethnographers and archaeologists have suggested that pipe forms might be correlated with ethnic traditions:<\/p>\n<ul>\n<li>Philip Stedman Sparkman (1908) reported that the Luise\u00f1o used short, tubular pipes.<\/li>\n<li>Leslie Spier (1923) noted that the southern Kumeyaay used bow pipes. He specifically denied that they used the straight form.<\/li>\n<li>According to Edward W. Gifford (1931), the Kumeyaay of Imperial Valley did not use ceramic pipes at all.<\/li>\n<li>Malcolm J. Rogers (1936) apparently combined ethnographic and archaeological information when he reported that bow pipes were most common among the northern Kumeyaay (Ipai) and probably originated among them, that southern Kumeyaay also used bow pipes exclusively, and that the pipes of the Luise\u00f1o, Cupe\u00f1o, and Cahuilla were straight in form and relatively few in number. Discussing archaeological observations relating to the lower Colorado River area, Rogers (1945) attributed straight ceramic pipes to the Yuman I period (prior to ca. A.D. 1050) and did not assign any pipe form to Yuman II or to Yuman III.<\/li>\n<li>D. L. True (1966, 1970; True et al. 1991) observed archaeological\u00adly that the bow pipe was typical of Kumeyaay territory, but that occasional specimens were found in Luise\u00f1o territory. He classified ceramic pipes among the artifact types that he &#8220;believed to have potential future diagnostic value&#8221; for distinguishing Yuman from Uto-Aztecan assemblages (True 1966:237-239).<\/li>\n<li>Gena R. Van Camp (1979) reiterated Rogers&#8217; views, although adding that bow pipes were infrequent in the northern portion of Kum\u00adeyaay territory as compared to the south\u00adern portion.<\/li>\n<li>Jackson Underwood (2004) reviewed ethnographic evidence concerning pipe forms and contexts of tobacco use among the Yuman and Uto-Aztecan groups of southern California. Among his conclusions was that bow pipes were not treated as ceremonial objects.<\/li>\n<\/ul>\n<p>A summary of archaeologically reported pipes and pipe fragments in the table below shows a somewhat greater proportion of straight pipes in Luise\u00f1o territory than in either northern or southern Kumeyaay territory, although the contrast is not statistically significant, according to a chi-square test.<\/p>\n<table width=\"100%\" frame=\"ALL\" rules=\"NONE\">\n<tbody>\n<tr valign=\"BOTTOM\">\n<td align=\"CENTER\"><b>Site<\/b><\/td>\n<td align=\"CENTER\"><b>Ethnic<br \/>\nTerritory<br \/>\n(Heizer 1978)<\/b><\/td>\n<td align=\"CENTER\"><b>Straight<\/b><\/td>\n<td align=\"CENTER\"><b>Bow<\/b><\/td>\n<td align=\"CENTER\"><b>Other<br \/>\nor Not<br \/>\nSpecified<\/b><\/td>\n<td align=\"CENTER\"><b>References<\/b><\/td>\n<\/tr>\n<tr valign=\"TOP\">\n<td>SDI-217<\/td>\n<td>Luise\u00f1o<\/td>\n<td align=\"CENTER\">&#8212;<\/td>\n<td align=\"CENTER\">&#8212;<\/td>\n<td align=\"CENTER\">1<\/td>\n<td>Waugh 1986<\/td>\n<\/tr>\n<tr valign=\"TOP\">\n<td>SDI-308<\/td>\n<td>Luise\u00f1o<\/td>\n<td align=\"CENTER\">1<\/td>\n<td align=\"CENTER\">2<\/td>\n<td align=\"CENTER\">5<\/td>\n<td>True et al. 1974<\/td>\n<\/tr>\n<tr valign=\"TOP\">\n<td>SDI-616<\/td>\n<td>Luise\u00f1o<\/td>\n<td align=\"CENTER\">3<\/td>\n<td align=\"CENTER\">2<\/td>\n<td align=\"CENTER\">&#8212;<\/td>\n<td>True 1966<\/td>\n<\/tr>\n<tr valign=\"TOP\">\n<td>SDI-682<\/td>\n<td>Luise\u00f1o<\/td>\n<td align=\"CENTER\">3<\/td>\n<td align=\"CENTER\">6<\/td>\n<td align=\"CENTER\">9<\/td>\n<td>True et al. 1991<\/td>\n<\/tr>\n<tr valign=\"TOP\">\n<td>SDI-721<\/td>\n<td>Luise\u00f1o<\/td>\n<td align=\"CENTER\">&#8212;<\/td>\n<td align=\"CENTER\">3<\/td>\n<td align=\"CENTER\">&#8212;<\/td>\n<td>True 1966<\/td>\n<\/tr>\n<tr valign=\"TOP\">\n<td>SDI-789<\/td>\n<td>Luise\u00f1o<\/td>\n<td align=\"CENTER\">&#8212;<\/td>\n<td align=\"CENTER\">3<\/td>\n<td align=\"CENTER\">&#8212;<\/td>\n<td>True 1966<\/td>\n<\/tr>\n<tr valign=\"TOP\">\n<td>SDI-5353<\/td>\n<td>Luise\u00f1o<\/td>\n<td align=\"CENTER\">&#8212;<\/td>\n<td align=\"CENTER\">1<\/td>\n<td align=\"CENTER\">&#8212;<\/td>\n<td>Koerper et al. 1992<\/td>\n<\/tr>\n<tr valign=\"TOP\">\n<td>SDI-799<\/td>\n<td>Cupe\u00f1o<\/td>\n<td align=\"CENTER\">&#8212;<\/td>\n<td align=\"CENTER\">&#8212;<\/td>\n<td align=\"CENTER\">1<\/td>\n<td>White et al. 1983<\/td>\n<\/tr>\n<tr valign=\"TOP\">\n<td>SDI-4513<\/td>\n<td>Ipai<\/td>\n<td align=\"CENTER\">&#8212;<\/td>\n<td align=\"CENTER\">&#8212;<\/td>\n<td align=\"CENTER\">1<\/td>\n<td>Gall\u00adegos et al. 1989<\/td>\n<\/tr>\n<tr valign=\"TOP\">\n<td>SDI-5017<\/td>\n<td>Ipai<\/td>\n<td align=\"CENTER\">&#8212;<\/td>\n<td align=\"CENTER\">1<\/td>\n<td align=\"CENTER\">&#8212;<\/td>\n<td>Winter\u00adrowd and Cardenas 1987<\/td>\n<\/tr>\n<tr valign=\"TOP\">\n<td>SDI-5383<\/td>\n<td>Ipai<\/td>\n<td align=\"CENTER\">&#8212;<\/td>\n<td align=\"CENTER\">&#8212;<\/td>\n<td align=\"CENTER\">1<\/td>\n<td>Nor\u00adwood 1982<\/td>\n<\/tr>\n<tr valign=\"TOP\">\n<td>SDI-5426<\/td>\n<td>Ipai<\/td>\n<td align=\"CENTER\">&#8212;<\/td>\n<td align=\"CENTER\">1<\/td>\n<td align=\"CENTER\">1<\/td>\n<td>Van Horn 1988<\/td>\n<\/tr>\n<tr valign=\"TOP\">\n<td>SDI-55224<\/td>\n<td>Ipai<\/td>\n<td align=\"CENTER\">&#8212;<\/td>\n<td align=\"CENTER\">1<\/td>\n<td align=\"CENTER\">&#8212;<\/td>\n<td>Wade et al. 1990<\/td>\n<\/tr>\n<tr valign=\"TOP\">\n<td>SDI-5669<\/td>\n<td>Ipai<\/td>\n<td align=\"CENTER\">&#8212;<\/td>\n<td align=\"CENTER\">1<\/td>\n<td align=\"CENTER\">23<\/td>\n<td>Berryman 1981<\/td>\n<\/tr>\n<tr valign=\"TOP\">\n<td>SDI-5680<\/td>\n<td>Ipai<\/td>\n<td align=\"CENTER\">&#8212;<\/td>\n<td align=\"CENTER\">&#8212;<\/td>\n<td align=\"CENTER\">1<\/td>\n<td>Domi\u00adnici 1985<\/td>\n<\/tr>\n<tr valign=\"TOP\">\n<td>SDI-5938<\/td>\n<td>Ipai<\/td>\n<td align=\"CENTER\">&#8212;<\/td>\n<td align=\"CENTER\">1<\/td>\n<td align=\"CENTER\">1<\/td>\n<td>Pignio\u00adlo 1987<\/td>\n<\/tr>\n<tr valign=\"TOP\">\n<td>SDI-11,068<\/td>\n<td>Ipai<\/td>\n<td align=\"CENTER\">&#8212;<\/td>\n<td align=\"CENTER\">3<\/td>\n<td align=\"CENTER\">&#8212;<\/td>\n<td>Schroth and Gallegos 1991<\/td>\n<\/tr>\n<tr valign=\"TOP\">\n<td>SDM-W-1556<\/td>\n<td>Ipai<\/td>\n<td align=\"CENTER\">1<\/td>\n<td align=\"CENTER\">&#8212;<\/td>\n<td align=\"CENTER\">&#8212;<\/td>\n<td>O&#8217;Neil 1982<\/td>\n<\/tr>\n<tr valign=\"TOP\">\n<td>SDI-860<\/td>\n<td>Tipai<\/td>\n<td align=\"CENTER\">2<\/td>\n<td align=\"CENTER\">13<\/td>\n<td align=\"CENTER\">46<\/td>\n<td>True 1966, 1970<\/td>\n<\/tr>\n<tr valign=\"TOP\">\n<td>SDI-903<\/td>\n<td>Tipai<\/td>\n<td align=\"CENTER\">&#8212;<\/td>\n<td align=\"CENTER\">&#8212;<\/td>\n<td align=\"CENTER\">1<\/td>\n<td>Gross and Sampson 1990<\/td>\n<\/tr>\n<tr valign=\"TOP\">\n<td>SDI-913<\/td>\n<td>Tipai<\/td>\n<td align=\"CENTER\">&#8212;<\/td>\n<td align=\"CENTER\">present<\/td>\n<td align=\"CENTER\">&#8211;<\/td>\n<td>True 1966<\/td>\n<\/tr>\n<tr valign=\"TOP\">\n<td>SDI-2537<\/td>\n<td>Tipai<\/td>\n<td align=\"CENTER\">&#8212;<\/td>\n<td align=\"CENTER\">2<\/td>\n<td align=\"CENTER\">4<\/td>\n<td>Griset 1986<\/td>\n<\/tr>\n<tr valign=\"TOP\">\n<td>SDM-C-144<\/td>\n<td>Tipai<\/td>\n<td align=\"CENTER\">&#8212;<\/td>\n<td align=\"CENTER\">&#8212;<\/td>\n<td align=\"CENTER\">2<\/td>\n<td>True 1966<\/td>\n<\/tr>\n<tr valign=\"TOP\">\n<td>SDI-W-202<\/td>\n<td>Tipai<\/td>\n<td align=\"CENTER\">&#8212;<\/td>\n<td align=\"CENTER\">&#8212;<\/td>\n<td align=\"CENTER\">1<\/td>\n<td>True 1966<\/td>\n<\/tr>\n<tr valign=\"TOP\">\n<td>SDM-W-256<\/td>\n<td>Tipai<\/td>\n<td align=\"CENTER\">&#8212;<\/td>\n<td align=\"CENTER\">&#8212;<\/td>\n<td align=\"CENTER\">10<\/td>\n<td>True 1966<\/td>\n<\/tr>\n<tr valign=\"TOP\">\n<td>SDM-W-348<\/td>\n<td>Tipai<\/td>\n<td align=\"CENTER\">&#8212;<\/td>\n<td align=\"CENTER\">&#8212;<\/td>\n<td align=\"CENTER\">1<\/td>\n<td>Cardenas and Van Wormer 1984<\/td>\n<\/tr>\n<\/tbody>\n<\/table>\n<p>Besides contrasts in ethnic traditions, other expla\u00adnations for the existence of distinct pipe forms might be that the pipes were non-local ex\u00adchange items, that the manufacturing of one form predated the other, and that different forms were used primarily in different functional contexts (e.g., recreational smoking, shamanism or curing, and funeral observances).<\/p>\n<p><b>PROSPECTS<\/b><\/p>\n<p>Future archaeological investigations may be able to shed light on the distribution of different pipe forms within different ethnic territories, during different time periods, and within different functional contexts.<\/p>\n","protected":false},"excerpt":{"rendered":"<p>Ceramic smoking pipes are an uncommon artifact type in San Diego County. Two main pipe styles have been recognized: a straight, tubular form; and a curved, bow-shaped form with a flanged handle. Within the first type, a subtype of pipes with a flared bowl has sometimes been distinguished. Several ethnographers and archaeologists have suggested that pipe forms might be correlated with ethnic traditions: Philip Stedman Sparkman (1908) reported that the Luise\u00f1o used short, tubular pipes. Leslie Spier (1923) noted that the southern Kumeyaay used bow pipes. He specifically denied that they used the straight form. According to Edward W. Gifford (1931), the Kumeyaay of Imperial Valley did not use ceramic pipes at all. Malcolm J. Rogers (1936) apparently combined ethnographic and archaeological information when he reported that bow pipes were most common among the northern Kumeyaay (Ipai) and probably originated among them, that southern Kumeyaay also used bow pipes exclusively, and that the pipes of the Luise\u00f1o, Cupe\u00f1o, and Cahuilla were straight in form and relatively few in number. Discussing archaeological observations relating to the lower Colorado River area, Rogers (1945) attributed straight ceramic pipes to the Yuman I period (prior to ca. A.D. 1050) and did not assign any pipe form to Yuman II or to Yuman III. D. L. True (1966, 1970; True et al. 1991) observed archaeological\u00adly that the bow pipe was typical of Kumeyaay territory, but that occasional specimens were found in Luise\u00f1o territory. He classified ceramic pipes among the artifact types that he &#8220;believed to have potential future diagnostic value&#8221; for distinguishing Yuman from Uto-Aztecan assemblages (True 1966:237-239). Gena R. Van Camp (1979) reiterated Rogers&#8217; views, although adding that bow pipes were infrequent in the northern portion of Kum\u00adeyaay territory as compared to the south\u00adern portion. Jackson Underwood (2004) reviewed ethnographic evidence concerning pipe forms and contexts of tobacco use among the Yuman and Uto-Aztecan groups of southern California. Among his conclusions was that bow pipes were not treated as ceremonial objects. A summary of archaeologically reported pipes and pipe fragments in the table below shows a somewhat greater proportion of straight pipes in Luise\u00f1o territory than in either northern or southern Kumeyaay territory, although the contrast is not statistically significant, according to a chi-square test. Site Ethnic Territory (Heizer 1978) Straight Bow Other or Not Specified References SDI-217 Luise\u00f1o &#8212; &#8212; 1 Waugh 1986 SDI-308 Luise\u00f1o 1 2 5 True et al. 1974 SDI-616 Luise\u00f1o 3 2 &#8212; True 1966 SDI-682 Luise\u00f1o 3 6 9 True et al. 1991 SDI-721 Luise\u00f1o &#8212; 3 &#8212; True 1966 SDI-789 Luise\u00f1o &#8212; 3 &#8212; True 1966 SDI-5353 Luise\u00f1o &#8212; 1 &#8212; Koerper et al. 1992 SDI-799 Cupe\u00f1o &#8212; &#8212; 1 White et al. 1983 SDI-4513 Ipai &#8212; &#8212; 1 Gall\u00adegos et al. 1989 SDI-5017 Ipai &#8212; 1 &#8212; Winter\u00adrowd and Cardenas 1987 SDI-5383 Ipai &#8212; &#8212; 1 Nor\u00adwood 1982 SDI-5426 Ipai &#8212; 1 1 Van Horn 1988 SDI-55224 Ipai &#8212; 1 &#8212; Wade et al. 1990 SDI-5669 Ipai &#8212; 1 23 Berryman 1981 SDI-5680 Ipai &#8212; &#8212; 1 Domi\u00adnici 1985 SDI-5938 Ipai &#8212; 1 1 Pignio\u00adlo 1987 SDI-11,068 Ipai &#8212; 3 &#8212; Schroth and Gallegos 1991 SDM-W-1556 Ipai 1 &#8212; &#8212; O&#8217;Neil 1982 SDI-860 Tipai 2 13 46 True 1966, 1970 SDI-903 Tipai &#8212; &#8212; 1 Gross and Sampson 1990 SDI-913 Tipai &#8212; present &#8211; True 1966 SDI-2537 Tipai &#8212; 2 4 Griset 1986 SDM-C-144 Tipai &#8212; &#8212; 2 True 1966 SDI-W-202 Tipai &#8212; &#8212; 1 True 1966 SDM-W-256 Tipai &#8212; &#8212; 10 True 1966 SDM-W-348 Tipai &#8212; &#8212; 1 Cardenas and Van Wormer 1984 Besides contrasts in ethnic traditions, other expla\u00adnations for the existence of distinct pipe forms might be that the pipes were non-local ex\u00adchange items, that the manufacturing of one form predated the other, and that different forms were used primarily in different functional contexts (e.g., recreational smoking, shamanism or curing, and funeral observances). PROSPECTS Future archaeological investigations may be able to shed light on the distribution of different pipe forms within different ethnic territories, during different time periods, and within different functional contexts.<\/p>\n","protected":false},"author":1,"featured_media":0,"parent":0,"menu_order":0,"comment_status":"closed","ping_status":"closed","template":"","meta":{"nf_dc_page":"","footnotes":""},"class_list":["post-618","page","type-page","status-publish","hentry"],"yoast_head":"<!-- This site is optimized with the Yoast SEO plugin v27.4 - https:\/\/yoast.com\/product\/yoast-seo-wordpress\/ -->\n<title>Ceramic Pipes - Baja California and Southern California<\/title>\n<meta name=\"description\" content=\"Archaeological investigations of pipe forms from different territories, time periods, and within different functional contexts.\" \/>\n<meta name=\"robots\" content=\"index, follow, max-snippet:-1, max-image-preview:large, max-video-preview:-1\" \/>\n<link rel=\"canonical\" href=\"https:\/\/sandiegoarchaeology.org\/baja-and-california\/ceramic-pipes\/\" \/>\n<meta property=\"og:locale\" content=\"en_US\" \/>\n<meta property=\"og:type\" content=\"article\" \/>\n<meta property=\"og:title\" content=\"Ceramic Pipes - Baja California and Southern California\" \/>\n<meta property=\"og:description\" content=\"Archaeological investigations of pipe forms from different territories, time periods, and within different functional contexts.\" \/>\n<meta property=\"og:url\" content=\"https:\/\/sandiegoarchaeology.org\/baja-and-california\/ceramic-pipes\/\" \/>\n<meta property=\"og:site_name\" content=\"Baja California and Southern California\" \/>\n<meta property=\"article:publisher\" content=\"https:\/\/www.facebook.com\/SDArchCenter\/\" \/>\n<meta property=\"article:modified_time\" content=\"2024-09-13T00:24:27+00:00\" \/>\n<meta property=\"og:image\" content=\"http:\/\/sandiegoarchaeology.org\/baja-and-california\/wp-content\/uploads\/2024\/08\/pipes-with-caption.gif\" \/>\n<meta name=\"twitter:card\" content=\"summary_large_image\" \/>\n<meta name=\"twitter:label1\" content=\"Est. reading time\" \/>\n\t<meta name=\"twitter:data1\" content=\"3 minutes\" \/>\n<script type=\"application\/ld+json\" class=\"yoast-schema-graph\">{\"@context\":\"https:\\\/\\\/schema.org\",\"@graph\":[{\"@type\":\"WebPage\",\"@id\":\"https:\\\/\\\/sandiegoarchaeology.org\\\/baja-and-california\\\/ceramic-pipes\\\/\",\"url\":\"https:\\\/\\\/sandiegoarchaeology.org\\\/baja-and-california\\\/ceramic-pipes\\\/\",\"name\":\"Ceramic Pipes - Baja California and Southern California\",\"isPartOf\":{\"@id\":\"https:\\\/\\\/sandiegoarchaeology.org\\\/baja-and-california\\\/#website\"},\"primaryImageOfPage\":{\"@id\":\"https:\\\/\\\/sandiegoarchaeology.org\\\/baja-and-california\\\/ceramic-pipes\\\/#primaryimage\"},\"image\":{\"@id\":\"https:\\\/\\\/sandiegoarchaeology.org\\\/baja-and-california\\\/ceramic-pipes\\\/#primaryimage\"},\"thumbnailUrl\":\"http:\\\/\\\/sandiegoarchaeology.org\\\/baja-and-california\\\/wp-content\\\/uploads\\\/2024\\\/08\\\/pipes-with-caption.gif\",\"datePublished\":\"2024-08-04T18:08:15+00:00\",\"dateModified\":\"2024-09-13T00:24:27+00:00\",\"description\":\"Archaeological investigations of pipe forms from different territories, time periods, and within different functional contexts.\",\"breadcrumb\":{\"@id\":\"https:\\\/\\\/sandiegoarchaeology.org\\\/baja-and-california\\\/ceramic-pipes\\\/#breadcrumb\"},\"inLanguage\":\"en-US\",\"potentialAction\":[{\"@type\":\"ReadAction\",\"target\":[\"https:\\\/\\\/sandiegoarchaeology.org\\\/baja-and-california\\\/ceramic-pipes\\\/\"]}]},{\"@type\":\"ImageObject\",\"inLanguage\":\"en-US\",\"@id\":\"https:\\\/\\\/sandiegoarchaeology.org\\\/baja-and-california\\\/ceramic-pipes\\\/#primaryimage\",\"url\":\"https:\\\/\\\/sandiegoarchaeology.org\\\/baja-and-california\\\/wp-content\\\/uploads\\\/2024\\\/08\\\/pipes-with-caption.gif\",\"contentUrl\":\"https:\\\/\\\/sandiegoarchaeology.org\\\/baja-and-california\\\/wp-content\\\/uploads\\\/2024\\\/08\\\/pipes-with-caption.gif\",\"width\":224,\"height\":192},{\"@type\":\"BreadcrumbList\",\"@id\":\"https:\\\/\\\/sandiegoarchaeology.org\\\/baja-and-california\\\/ceramic-pipes\\\/#breadcrumb\",\"itemListElement\":[{\"@type\":\"ListItem\",\"position\":1,\"name\":\"Home\",\"item\":\"https:\\\/\\\/sandiegoarchaeology.org\\\/baja-and-california\\\/\"},{\"@type\":\"ListItem\",\"position\":2,\"name\":\"Ceramic Pipes\"}]},{\"@type\":\"WebSite\",\"@id\":\"https:\\\/\\\/sandiegoarchaeology.org\\\/baja-and-california\\\/#website\",\"url\":\"https:\\\/\\\/sandiegoarchaeology.org\\\/baja-and-california\\\/\",\"name\":\"Baja and California\",\"description\":\"San Diego Archaeological Center\",\"potentialAction\":[{\"@type\":\"SearchAction\",\"target\":{\"@type\":\"EntryPoint\",\"urlTemplate\":\"https:\\\/\\\/sandiegoarchaeology.org\\\/baja-and-california\\\/?s={search_term_string}\"},\"query-input\":{\"@type\":\"PropertyValueSpecification\",\"valueRequired\":true,\"valueName\":\"search_term_string\"}}],\"inLanguage\":\"en-US\"}]}<\/script>\n<!-- \/ Yoast SEO plugin. -->","yoast_head_json":{"title":"Ceramic Pipes - Baja California and Southern California","description":"Archaeological investigations of pipe forms from different territories, time periods, and within different functional contexts.","robots":{"index":"index","follow":"follow","max-snippet":"max-snippet:-1","max-image-preview":"max-image-preview:large","max-video-preview":"max-video-preview:-1"},"canonical":"https:\/\/sandiegoarchaeology.org\/baja-and-california\/ceramic-pipes\/","og_locale":"en_US","og_type":"article","og_title":"Ceramic Pipes - Baja California and Southern California","og_description":"Archaeological investigations of pipe forms from different territories, time periods, and within different functional contexts.","og_url":"https:\/\/sandiegoarchaeology.org\/baja-and-california\/ceramic-pipes\/","og_site_name":"Baja California and Southern California","article_publisher":"https:\/\/www.facebook.com\/SDArchCenter\/","article_modified_time":"2024-09-13T00:24:27+00:00","og_image":[{"url":"http:\/\/sandiegoarchaeology.org\/baja-and-california\/wp-content\/uploads\/2024\/08\/pipes-with-caption.gif","type":"","width":"","height":""}],"twitter_card":"summary_large_image","twitter_misc":{"Est. reading time":"3 minutes"},"schema":{"@context":"https:\/\/schema.org","@graph":[{"@type":"WebPage","@id":"https:\/\/sandiegoarchaeology.org\/baja-and-california\/ceramic-pipes\/","url":"https:\/\/sandiegoarchaeology.org\/baja-and-california\/ceramic-pipes\/","name":"Ceramic Pipes - Baja California and Southern California","isPartOf":{"@id":"https:\/\/sandiegoarchaeology.org\/baja-and-california\/#website"},"primaryImageOfPage":{"@id":"https:\/\/sandiegoarchaeology.org\/baja-and-california\/ceramic-pipes\/#primaryimage"},"image":{"@id":"https:\/\/sandiegoarchaeology.org\/baja-and-california\/ceramic-pipes\/#primaryimage"},"thumbnailUrl":"http:\/\/sandiegoarchaeology.org\/baja-and-california\/wp-content\/uploads\/2024\/08\/pipes-with-caption.gif","datePublished":"2024-08-04T18:08:15+00:00","dateModified":"2024-09-13T00:24:27+00:00","description":"Archaeological investigations of pipe forms from different territories, time periods, and within different functional contexts.","breadcrumb":{"@id":"https:\/\/sandiegoarchaeology.org\/baja-and-california\/ceramic-pipes\/#breadcrumb"},"inLanguage":"en-US","potentialAction":[{"@type":"ReadAction","target":["https:\/\/sandiegoarchaeology.org\/baja-and-california\/ceramic-pipes\/"]}]},{"@type":"ImageObject","inLanguage":"en-US","@id":"https:\/\/sandiegoarchaeology.org\/baja-and-california\/ceramic-pipes\/#primaryimage","url":"https:\/\/sandiegoarchaeology.org\/baja-and-california\/wp-content\/uploads\/2024\/08\/pipes-with-caption.gif","contentUrl":"https:\/\/sandiegoarchaeology.org\/baja-and-california\/wp-content\/uploads\/2024\/08\/pipes-with-caption.gif","width":224,"height":192},{"@type":"BreadcrumbList","@id":"https:\/\/sandiegoarchaeology.org\/baja-and-california\/ceramic-pipes\/#breadcrumb","itemListElement":[{"@type":"ListItem","position":1,"name":"Home","item":"https:\/\/sandiegoarchaeology.org\/baja-and-california\/"},{"@type":"ListItem","position":2,"name":"Ceramic Pipes"}]},{"@type":"WebSite","@id":"https:\/\/sandiegoarchaeology.org\/baja-and-california\/#website","url":"https:\/\/sandiegoarchaeology.org\/baja-and-california\/","name":"Baja and California","description":"San Diego Archaeological Center","potentialAction":[{"@type":"SearchAction","target":{"@type":"EntryPoint","urlTemplate":"https:\/\/sandiegoarchaeology.org\/baja-and-california\/?s={search_term_string}"},"query-input":{"@type":"PropertyValueSpecification","valueRequired":true,"valueName":"search_term_string"}}],"inLanguage":"en-US"}]}},"acf":[],"_links":{"self":[{"href":"https:\/\/sandiegoarchaeology.org\/baja-and-california\/wp-json\/wp\/v2\/pages\/618","targetHints":{"allow":["GET"]}}],"collection":[{"href":"https:\/\/sandiegoarchaeology.org\/baja-and-california\/wp-json\/wp\/v2\/pages"}],"about":[{"href":"https:\/\/sandiegoarchaeology.org\/baja-and-california\/wp-json\/wp\/v2\/types\/page"}],"author":[{"embeddable":true,"href":"https:\/\/sandiegoarchaeology.org\/baja-and-california\/wp-json\/wp\/v2\/users\/1"}],"replies":[{"embeddable":true,"href":"https:\/\/sandiegoarchaeology.org\/baja-and-california\/wp-json\/wp\/v2\/comments?post=618"}],"version-history":[{"count":2,"href":"https:\/\/sandiegoarchaeology.org\/baja-and-california\/wp-json\/wp\/v2\/pages\/618\/revisions"}],"predecessor-version":[{"id":621,"href":"https:\/\/sandiegoarchaeology.org\/baja-and-california\/wp-json\/wp\/v2\/pages\/618\/revisions\/621"}],"wp:attachment":[{"href":"https:\/\/sandiegoarchaeology.org\/baja-and-california\/wp-json\/wp\/v2\/media?parent=618"}],"curies":[{"name":"wp","href":"https:\/\/api.w.org\/{rel}","templated":true}]}}