{"id":698,"date":"2024-08-04T19:20:35","date_gmt":"2024-08-04T19:20:35","guid":{"rendered":"https:\/\/gvu.ocl.mybluehost.me\/baja-and-california\/?page_id=698"},"modified":"2024-09-12T22:57:03","modified_gmt":"2024-09-12T22:57:03","slug":"espanol","status":"publish","type":"page","link":"https:\/\/sandiegoarchaeology.org\/baja-and-california\/espanol\/","title":{"rendered":"Espa\u00f1ol"},"content":{"rendered":"<p align=\"left\">\u00a1Bienvenido a la p\u00e1gina biling\u00fce de antropolog\u00eda de Baja California!<\/p>\n<p>Para aquellos visitantes poco familiarizados con el tema, ofrecemos breves &#8220;Gu\u00edas&#8221; a la\u00a0<a href=\"https:\/\/sandiegoarchaeology.org\/baja-and-california\/geografia\/\">geograf\u00eda<\/a>,\u00a0<a href=\"https:\/\/sandiegoarchaeology.org\/baja-and-california\/arqueologia-prehistorica\/\">arqueolog\u00eda prehist\u00f3rica<\/a>,\u00a0<a href=\"https:\/\/sandiegoarchaeology.org\/baja-and-california\/antropologia-cultural\/\">antropolog\u00eda cultural<\/a>,\u00a0<a href=\"https:\/\/sandiegoarchaeology.org\/baja-and-california\/lenguas-aborigenes\/\">lenguas abor\u00edgenes<\/a>,\u00a0<a href=\"https:\/\/sandiegoarchaeology.org\/baja-and-california\/antropologia-fisica\/\">antropolog\u00eda f\u00edsica<\/a>, e\u00a0<a href=\"https:\/\/sandiegoarchaeology.org\/baja-and-california\/historia\/\">historia<\/a>\u00a0de la regi\u00f3n.<\/p>\n<p>Los investigadores encontrar\u00e1n una colecci\u00f3n de herramientas, que incluye\u00a0<a href=\"https:\/\/sandiegoarchaeology.org\/baja-and-california\/bases-de-datos\/\">bases de datos<\/a>\u00a0y una\u00a0<a href=\"https:\/\/sandiegoarchaeology.org\/baja-and-california\/bibliografia\/\">bibliograf\u00eda comentada<\/a>.<\/p>\n<p>Esta p\u00e1gina fue realizada en el a\u00f1o 2002 por un grupo multinacional de antrop\u00f3logos que buscan promover el desarrollo de la disciplina en Baja California, fomentar una comunicaci\u00f3n y cooperaci\u00f3n m\u00e1s cercana entre investigadores, diseminar informaci\u00f3n precisa y alentar la apreciaci\u00f3n y la protecci\u00f3n de la inigualable herencia cultural de la pen\u00ednsula.<\/p>\n<p>Entre aquellos que hasta ahora han contribuido con su esfuerzo e informaci\u00f3n para la realizaci\u00f3n de este sitio tenemos a Patricia Aceves, Alfonso Alvarado Bravo, Anita \u00c1lvarez Williams, James Arraj, Julia Bend\u00edmez, Salvador Bernab\u00e9u, Thomas Bowen, Matthew A. Boxt, Alan Bryan, Martha Edna Castillo Sarabia, Oswaldo Cuadra, Loren Davis, Shelly Davis-King, Danilo Drakic, William Eckhardt, Dant\u00e9 Farenga, Enah Monserrat Fonseca Ibarra, Harumi Fujita, Rub\u00e9n Garc\u00eda, Horacio Gonz\u00e1lez Moncada, Suzanne Griset, Ruth Gruhn, Robert Jackson, Don Laylander, Claudia Leyva Aguilera, Mario Alberto Maga\u00f1a Mancillas, Lee Gooding Massey, W. Michael Mathes, Erika Moranchel, Ad Mu\u00f1iz, Agust\u00edn Ortega Esquinca, Fernando Oviedo Garc\u00eda, Gengis Ovilla, Roger Owen, Antonio Porcayo Michelini, Eric W. Ritter, Emmanuel Robles Mell\u00edn, Armando Romero Monteverde, Alfonso Rosales-L\u00f3pez, Albert Rubio Mora, Moika Santos, Jorge Serrano, Miguel T\u00e9llez, Larry Ter\u00e1n, Elinora Topete, Rose N. Tyson, Ed Vernon, Mike Wilken, y Rob Bresler y Bryce Kujala de\u00a0<a href=\"http:\/\/www.netresultdesigns.com\/\" target=\"_blank\" rel=\"noopener\">Net Result Designs<\/a>.<\/p>\n<p>Por favor, envie los comentarios y sugerencias al\u00a0<a href=\"mailto:dlaylander@cox.net\">webmaster.<\/a><\/p>\n<p>Revisado: 13 de junio 2023<\/p>\n<p align=\"center\"><img loading=\"lazy\" decoding=\"async\" class=\"alignnone wp-image-55 size-full\" src=\"http:\/\/sandiegoarchaeology.org\/baja-and-california\/wp-content\/uploads\/2024\/07\/cuna.gif\" alt=\"CUNA logo\" width=\"584\" height=\"74\" \/><\/p>\n","protected":false},"excerpt":{"rendered":"<p>\u00a1Bienvenido a la p\u00e1gina biling\u00fce de antropolog\u00eda de Baja California! Para aquellos visitantes poco familiarizados con el tema, ofrecemos breves &#8220;Gu\u00edas&#8221; a la\u00a0geograf\u00eda,\u00a0arqueolog\u00eda prehist\u00f3rica,\u00a0antropolog\u00eda cultural,\u00a0lenguas abor\u00edgenes,\u00a0antropolog\u00eda f\u00edsica, e\u00a0historia\u00a0de la regi\u00f3n. Los investigadores encontrar\u00e1n una colecci\u00f3n de herramientas, que incluye\u00a0bases de datos\u00a0y una\u00a0bibliograf\u00eda comentada. Esta p\u00e1gina fue realizada en el a\u00f1o 2002 por un grupo multinacional de antrop\u00f3logos que buscan promover el desarrollo de la disciplina en Baja California, fomentar una comunicaci\u00f3n y cooperaci\u00f3n m\u00e1s cercana entre investigadores, diseminar informaci\u00f3n precisa y alentar la apreciaci\u00f3n y la protecci\u00f3n de la inigualable herencia cultural de la pen\u00ednsula. Entre aquellos que hasta ahora han contribuido con su esfuerzo e informaci\u00f3n para la realizaci\u00f3n de este sitio tenemos a Patricia Aceves, Alfonso Alvarado Bravo, Anita \u00c1lvarez Williams, James Arraj, Julia Bend\u00edmez, Salvador Bernab\u00e9u, Thomas Bowen, Matthew A. Boxt, Alan Bryan, Martha Edna Castillo Sarabia, Oswaldo Cuadra, Loren Davis, Shelly Davis-King, Danilo Drakic, William Eckhardt, Dant\u00e9 Farenga, Enah Monserrat Fonseca Ibarra, Harumi Fujita, Rub\u00e9n Garc\u00eda, Horacio Gonz\u00e1lez Moncada, Suzanne Griset, Ruth Gruhn, Robert Jackson, Don Laylander, Claudia Leyva Aguilera, Mario Alberto Maga\u00f1a Mancillas, Lee Gooding Massey, W. Michael Mathes, Erika Moranchel, Ad Mu\u00f1iz, Agust\u00edn Ortega Esquinca, Fernando Oviedo Garc\u00eda, Gengis Ovilla, Roger Owen, Antonio Porcayo Michelini, Eric W. Ritter, Emmanuel Robles Mell\u00edn, Armando Romero Monteverde, Alfonso Rosales-L\u00f3pez, Albert Rubio Mora, Moika Santos, Jorge Serrano, Miguel T\u00e9llez, Larry Ter\u00e1n, Elinora Topete, Rose N. Tyson, Ed Vernon, Mike Wilken, y Rob Bresler y Bryce Kujala de\u00a0Net Result Designs. Por favor, envie los comentarios y sugerencias al\u00a0webmaster. Revisado: 13 de junio 2023<\/p>\n","protected":false},"author":1,"featured_media":0,"parent":0,"menu_order":0,"comment_status":"closed","ping_status":"closed","template":"","meta":{"nf_dc_page":"","footnotes":""},"class_list":["post-698","page","type-page","status-publish","hentry"],"yoast_head":"<!-- This site is optimized with the Yoast SEO plugin v27.4 - https:\/\/yoast.com\/product\/yoast-seo-wordpress\/ -->\n<title>Espa\u00f1ol - Baja California and Southern California<\/title>\n<meta name=\"description\" content=\"Para aquellos visitantes poco familiarizados con el tema, ofrecemos breves &quot;Gu\u00edas&quot; a la\u00a0geograf\u00eda,\u00a0arqueolog\u00eda prehist\u00f3rica,\u00a0antropolog\u00eda cultural,\u00a0lenguas abor\u00edgenes,\u00a0antropolog\u00eda f\u00edsica, e\u00a0historia\u00a0de la regi\u00f3n.\" \/>\n<meta name=\"robots\" content=\"index, follow, max-snippet:-1, max-image-preview:large, max-video-preview:-1\" \/>\n<link rel=\"canonical\" href=\"https:\/\/sandiegoarchaeology.org\/baja-and-california\/espanol\/\" \/>\n<meta property=\"og:locale\" content=\"en_US\" \/>\n<meta property=\"og:type\" content=\"article\" \/>\n<meta property=\"og:title\" content=\"Espa\u00f1ol - Baja California and Southern California\" \/>\n<meta property=\"og:description\" content=\"Para aquellos visitantes poco familiarizados con el tema, ofrecemos breves &quot;Gu\u00edas&quot; a la\u00a0geograf\u00eda,\u00a0arqueolog\u00eda prehist\u00f3rica,\u00a0antropolog\u00eda cultural,\u00a0lenguas abor\u00edgenes,\u00a0antropolog\u00eda f\u00edsica, e\u00a0historia\u00a0de la regi\u00f3n.\" \/>\n<meta property=\"og:url\" content=\"https:\/\/sandiegoarchaeology.org\/baja-and-california\/espanol\/\" \/>\n<meta property=\"og:site_name\" content=\"Baja California and Southern California\" \/>\n<meta property=\"article:publisher\" content=\"https:\/\/www.facebook.com\/SDArchCenter\/\" \/>\n<meta property=\"article:modified_time\" content=\"2024-09-12T22:57:03+00:00\" \/>\n<meta property=\"og:image\" content=\"http:\/\/sandiegoarchaeology.org\/baja-and-california\/wp-content\/uploads\/2024\/07\/cuna.gif\" \/>\n<meta name=\"twitter:card\" content=\"summary_large_image\" \/>\n<meta name=\"twitter:label1\" content=\"Est. reading time\" \/>\n\t<meta name=\"twitter:data1\" content=\"2 minutes\" \/>\n<script type=\"application\/ld+json\" class=\"yoast-schema-graph\">{\"@context\":\"https:\\\/\\\/schema.org\",\"@graph\":[{\"@type\":\"WebPage\",\"@id\":\"https:\\\/\\\/sandiegoarchaeology.org\\\/baja-and-california\\\/espanol\\\/\",\"url\":\"https:\\\/\\\/sandiegoarchaeology.org\\\/baja-and-california\\\/espanol\\\/\",\"name\":\"Espa\u00f1ol - Baja California and Southern California\",\"isPartOf\":{\"@id\":\"https:\\\/\\\/sandiegoarchaeology.org\\\/baja-and-california\\\/#website\"},\"primaryImageOfPage\":{\"@id\":\"https:\\\/\\\/sandiegoarchaeology.org\\\/baja-and-california\\\/espanol\\\/#primaryimage\"},\"image\":{\"@id\":\"https:\\\/\\\/sandiegoarchaeology.org\\\/baja-and-california\\\/espanol\\\/#primaryimage\"},\"thumbnailUrl\":\"http:\\\/\\\/sandiegoarchaeology.org\\\/baja-and-california\\\/wp-content\\\/uploads\\\/2024\\\/07\\\/cuna.gif\",\"datePublished\":\"2024-08-04T19:20:35+00:00\",\"dateModified\":\"2024-09-12T22:57:03+00:00\",\"description\":\"Para aquellos visitantes poco familiarizados con el tema, ofrecemos breves \\\"Gu\u00edas\\\" a la\u00a0geograf\u00eda,\u00a0arqueolog\u00eda prehist\u00f3rica,\u00a0antropolog\u00eda cultural,\u00a0lenguas abor\u00edgenes,\u00a0antropolog\u00eda f\u00edsica, e\u00a0historia\u00a0de la regi\u00f3n.\",\"breadcrumb\":{\"@id\":\"https:\\\/\\\/sandiegoarchaeology.org\\\/baja-and-california\\\/espanol\\\/#breadcrumb\"},\"inLanguage\":\"en-US\",\"potentialAction\":[{\"@type\":\"ReadAction\",\"target\":[\"https:\\\/\\\/sandiegoarchaeology.org\\\/baja-and-california\\\/espanol\\\/\"]}]},{\"@type\":\"ImageObject\",\"inLanguage\":\"en-US\",\"@id\":\"https:\\\/\\\/sandiegoarchaeology.org\\\/baja-and-california\\\/espanol\\\/#primaryimage\",\"url\":\"https:\\\/\\\/sandiegoarchaeology.org\\\/baja-and-california\\\/wp-content\\\/uploads\\\/2024\\\/07\\\/cuna.gif\",\"contentUrl\":\"https:\\\/\\\/sandiegoarchaeology.org\\\/baja-and-california\\\/wp-content\\\/uploads\\\/2024\\\/07\\\/cuna.gif\",\"width\":584,\"height\":74,\"caption\":\"CUNA logo\"},{\"@type\":\"BreadcrumbList\",\"@id\":\"https:\\\/\\\/sandiegoarchaeology.org\\\/baja-and-california\\\/espanol\\\/#breadcrumb\",\"itemListElement\":[{\"@type\":\"ListItem\",\"position\":1,\"name\":\"Home\",\"item\":\"https:\\\/\\\/sandiegoarchaeology.org\\\/baja-and-california\\\/\"},{\"@type\":\"ListItem\",\"position\":2,\"name\":\"Espa\u00f1ol\"}]},{\"@type\":\"WebSite\",\"@id\":\"https:\\\/\\\/sandiegoarchaeology.org\\\/baja-and-california\\\/#website\",\"url\":\"https:\\\/\\\/sandiegoarchaeology.org\\\/baja-and-california\\\/\",\"name\":\"Baja and California\",\"description\":\"San Diego Archaeological Center\",\"potentialAction\":[{\"@type\":\"SearchAction\",\"target\":{\"@type\":\"EntryPoint\",\"urlTemplate\":\"https:\\\/\\\/sandiegoarchaeology.org\\\/baja-and-california\\\/?s={search_term_string}\"},\"query-input\":{\"@type\":\"PropertyValueSpecification\",\"valueRequired\":true,\"valueName\":\"search_term_string\"}}],\"inLanguage\":\"en-US\"}]}<\/script>\n<!-- \/ Yoast SEO plugin. -->","yoast_head_json":{"title":"Espa\u00f1ol - Baja California and Southern California","description":"Para aquellos visitantes poco familiarizados con el tema, ofrecemos breves \"Gu\u00edas\" a la\u00a0geograf\u00eda,\u00a0arqueolog\u00eda prehist\u00f3rica,\u00a0antropolog\u00eda cultural,\u00a0lenguas abor\u00edgenes,\u00a0antropolog\u00eda f\u00edsica, e\u00a0historia\u00a0de la regi\u00f3n.","robots":{"index":"index","follow":"follow","max-snippet":"max-snippet:-1","max-image-preview":"max-image-preview:large","max-video-preview":"max-video-preview:-1"},"canonical":"https:\/\/sandiegoarchaeology.org\/baja-and-california\/espanol\/","og_locale":"en_US","og_type":"article","og_title":"Espa\u00f1ol - Baja California and Southern California","og_description":"Para aquellos visitantes poco familiarizados con el tema, ofrecemos breves \"Gu\u00edas\" a la\u00a0geograf\u00eda,\u00a0arqueolog\u00eda prehist\u00f3rica,\u00a0antropolog\u00eda cultural,\u00a0lenguas abor\u00edgenes,\u00a0antropolog\u00eda f\u00edsica, e\u00a0historia\u00a0de la regi\u00f3n.","og_url":"https:\/\/sandiegoarchaeology.org\/baja-and-california\/espanol\/","og_site_name":"Baja California and Southern California","article_publisher":"https:\/\/www.facebook.com\/SDArchCenter\/","article_modified_time":"2024-09-12T22:57:03+00:00","og_image":[{"url":"http:\/\/sandiegoarchaeology.org\/baja-and-california\/wp-content\/uploads\/2024\/07\/cuna.gif","type":"","width":"","height":""}],"twitter_card":"summary_large_image","twitter_misc":{"Est. reading time":"2 minutes"},"schema":{"@context":"https:\/\/schema.org","@graph":[{"@type":"WebPage","@id":"https:\/\/sandiegoarchaeology.org\/baja-and-california\/espanol\/","url":"https:\/\/sandiegoarchaeology.org\/baja-and-california\/espanol\/","name":"Espa\u00f1ol - Baja California and Southern California","isPartOf":{"@id":"https:\/\/sandiegoarchaeology.org\/baja-and-california\/#website"},"primaryImageOfPage":{"@id":"https:\/\/sandiegoarchaeology.org\/baja-and-california\/espanol\/#primaryimage"},"image":{"@id":"https:\/\/sandiegoarchaeology.org\/baja-and-california\/espanol\/#primaryimage"},"thumbnailUrl":"http:\/\/sandiegoarchaeology.org\/baja-and-california\/wp-content\/uploads\/2024\/07\/cuna.gif","datePublished":"2024-08-04T19:20:35+00:00","dateModified":"2024-09-12T22:57:03+00:00","description":"Para aquellos visitantes poco familiarizados con el tema, ofrecemos breves \"Gu\u00edas\" a la\u00a0geograf\u00eda,\u00a0arqueolog\u00eda prehist\u00f3rica,\u00a0antropolog\u00eda cultural,\u00a0lenguas abor\u00edgenes,\u00a0antropolog\u00eda f\u00edsica, e\u00a0historia\u00a0de la regi\u00f3n.","breadcrumb":{"@id":"https:\/\/sandiegoarchaeology.org\/baja-and-california\/espanol\/#breadcrumb"},"inLanguage":"en-US","potentialAction":[{"@type":"ReadAction","target":["https:\/\/sandiegoarchaeology.org\/baja-and-california\/espanol\/"]}]},{"@type":"ImageObject","inLanguage":"en-US","@id":"https:\/\/sandiegoarchaeology.org\/baja-and-california\/espanol\/#primaryimage","url":"https:\/\/sandiegoarchaeology.org\/baja-and-california\/wp-content\/uploads\/2024\/07\/cuna.gif","contentUrl":"https:\/\/sandiegoarchaeology.org\/baja-and-california\/wp-content\/uploads\/2024\/07\/cuna.gif","width":584,"height":74,"caption":"CUNA logo"},{"@type":"BreadcrumbList","@id":"https:\/\/sandiegoarchaeology.org\/baja-and-california\/espanol\/#breadcrumb","itemListElement":[{"@type":"ListItem","position":1,"name":"Home","item":"https:\/\/sandiegoarchaeology.org\/baja-and-california\/"},{"@type":"ListItem","position":2,"name":"Espa\u00f1ol"}]},{"@type":"WebSite","@id":"https:\/\/sandiegoarchaeology.org\/baja-and-california\/#website","url":"https:\/\/sandiegoarchaeology.org\/baja-and-california\/","name":"Baja and California","description":"San Diego Archaeological Center","potentialAction":[{"@type":"SearchAction","target":{"@type":"EntryPoint","urlTemplate":"https:\/\/sandiegoarchaeology.org\/baja-and-california\/?s={search_term_string}"},"query-input":{"@type":"PropertyValueSpecification","valueRequired":true,"valueName":"search_term_string"}}],"inLanguage":"en-US"}]}},"acf":[],"_links":{"self":[{"href":"https:\/\/sandiegoarchaeology.org\/baja-and-california\/wp-json\/wp\/v2\/pages\/698","targetHints":{"allow":["GET"]}}],"collection":[{"href":"https:\/\/sandiegoarchaeology.org\/baja-and-california\/wp-json\/wp\/v2\/pages"}],"about":[{"href":"https:\/\/sandiegoarchaeology.org\/baja-and-california\/wp-json\/wp\/v2\/types\/page"}],"author":[{"embeddable":true,"href":"https:\/\/sandiegoarchaeology.org\/baja-and-california\/wp-json\/wp\/v2\/users\/1"}],"replies":[{"embeddable":true,"href":"https:\/\/sandiegoarchaeology.org\/baja-and-california\/wp-json\/wp\/v2\/comments?post=698"}],"version-history":[{"count":2,"href":"https:\/\/sandiegoarchaeology.org\/baja-and-california\/wp-json\/wp\/v2\/pages\/698\/revisions"}],"predecessor-version":[{"id":784,"href":"https:\/\/sandiegoarchaeology.org\/baja-and-california\/wp-json\/wp\/v2\/pages\/698\/revisions\/784"}],"wp:attachment":[{"href":"https:\/\/sandiegoarchaeology.org\/baja-and-california\/wp-json\/wp\/v2\/media?parent=698"}],"curies":[{"name":"wp","href":"https:\/\/api.w.org\/{rel}","templated":true}]}}