{"id":70,"date":"2024-07-26T17:06:22","date_gmt":"2024-07-26T17:06:22","guid":{"rendered":"https:\/\/gvu.ocl.mybluehost.me\/baja-and-california\/?page_id=70"},"modified":"2024-09-15T16:21:11","modified_gmt":"2024-09-15T16:21:11","slug":"prehistoric-archaeology","status":"publish","type":"page","link":"https:\/\/sandiegoarchaeology.org\/baja-and-california\/prehistoric-archaeology\/","title":{"rendered":"Prehistoric Archaeology"},"content":{"rendered":"<p><img loading=\"lazy\" decoding=\"async\" class=\"size-full wp-image-71 alignleft\" src=\"http:\/\/sandiegoarchaeology.org\/baja-and-california\/wp-content\/uploads\/2024\/07\/armpenga.gif\" alt=\"\" width=\"146\" height=\"160\" \/>Baja California&#8217;s long prehistory is attested by innumerable shell middens lining its coasts, rock art panels hidden in mountain canyons, hunting blinds, rock quarries, burial caves, temporary camps, and village sites. Radiocarbon dates confirm that the region has been occupied since the end of the Ice Age, and more controversial claims would put the human presence still earlier.<\/p>\n<p>Pioneering archaeologists attempted to organize information about prehistory by distinguishing complexes, or groups of traits peculiar to particular spans of time and geographical regions. Many of the complexes recognized in Baja California are extensions of patterns first defined elsewhere in western North America, such as the early Holocene San Dieguito complex with its stone bifaces, scraping tools, and crescents; the middle Holocene La Jolla complex, notable for extensive shell middens and seed grinding tools; the successive Pinto and Gypsum complexes, containing distinctive large projectile point styles associated with desert adaptations; and the late prehistoric Yuman complex, with pottery and small arrowpoints. Other patterns are specific to the peninsula, including the Comond\u00fa complex of central Baja California and the Las Palmas burial complex in the Cape Region.<\/p>\n<p>Rock art is undoubtedly the most studied class of archaeological evidence in Baja California. Best known are the spectacular Great Mural pictograph sites in the mountains of the central peninsula, with their larger-than-life profiles of men and women, deer, and other animals. Pictograph and petroglyph sites in a wide variety of styles are also documented from the cape to the northern frontier. Numerous studies have described these rock art panels, discussed their settings and associations, interpreted their techniques and arrangements, attempted to work out their chronologies, and speculated on their functions. The corpus of careful records has grown, but few interpretations are as yet solidly established.<\/p>\n<p>Other investigators are attempting to work out the strategies for subsistence and the patterns of seasonal movements between coasts and interior characteristic of various prehistoric populations. Key issues in ongoing archaeological studies also include the question of whether aboriginal Baja Californians were very &#8220;primitive&#8221;, as early observers suggested, or had developed elaborate and successful adaptations to a uniquely challenging environment; whether their lifeways generally remained stable, or changed through prehistory; and whether various portions of the peninsula received significant influences from outside, or were essentially isolated.<\/p>\n<p>In comparison with some other regions, only a limited amount of work has as yet been completed toward inventorying and interpreting Baja California&#8217;s archaeological sites. However, during recent years there has been a considerable growth in investigations by both Mexican and international researchers. For reviews of studies up to the 1980s, see Garc\u00eda Uranga 1988 and Laylander 1992 in the Bibliography. For some of the more extensive investigations, see the reports by Harry Crosby, Barbro Dahlgren, Emma Lou Davis, L\u00e9on Diguet, Harumi Fujita, Mar\u00eda de la Luz Guti\u00e9rrez, Enrique Hambleton, Justin R. Hyland, Ken Hedges, William C. Massey, Clement W. Meighan, Jerry Moore, Eric W. Ritter, and Donald R. Tuohy.<\/p>\n<p>\u00a9 2002 Don Laylander<\/p>\n","protected":false},"excerpt":{"rendered":"<p>Baja California&#8217;s long prehistory is attested by innumerable shell middens lining its coasts, rock art panels hidden in mountain canyons, hunting blinds, rock quarries, burial caves, temporary camps, and village sites. Radiocarbon dates confirm that the region has been occupied since the end of the Ice Age, and more controversial claims would put the human presence still earlier. Pioneering archaeologists attempted to organize information about prehistory by distinguishing complexes, or groups of traits peculiar to particular spans of time and geographical regions. Many of the complexes recognized in Baja California are extensions of patterns first defined elsewhere in western North America, such as the early Holocene San Dieguito complex with its stone bifaces, scraping tools, and crescents; the middle Holocene La Jolla complex, notable for extensive shell middens and seed grinding tools; the successive Pinto and Gypsum complexes, containing distinctive large projectile point styles associated with desert adaptations; and the late prehistoric Yuman complex, with pottery and small arrowpoints. Other patterns are specific to the peninsula, including the Comond\u00fa complex of central Baja California and the Las Palmas burial complex in the Cape Region. Rock art is undoubtedly the most studied class of archaeological evidence in Baja California. Best known are the spectacular Great Mural pictograph sites in the mountains of the central peninsula, with their larger-than-life profiles of men and women, deer, and other animals. Pictograph and petroglyph sites in a wide variety of styles are also documented from the cape to the northern frontier. Numerous studies have described these rock art panels, discussed their settings and associations, interpreted their techniques and arrangements, attempted to work out their chronologies, and speculated on their functions. The corpus of careful records has grown, but few interpretations are as yet solidly established. Other investigators are attempting to work out the strategies for subsistence and the patterns of seasonal movements between coasts and interior characteristic of various prehistoric populations. Key issues in ongoing archaeological studies also include the question of whether aboriginal Baja Californians were very &#8220;primitive&#8221;, as early observers suggested, or had developed elaborate and successful adaptations to a uniquely challenging environment; whether their lifeways generally remained stable, or changed through prehistory; and whether various portions of the peninsula received significant influences from outside, or were essentially isolated. In comparison with some other regions, only a limited amount of work has as yet been completed toward inventorying and interpreting Baja California&#8217;s archaeological sites. However, during recent years there has been a considerable growth in investigations by both Mexican and international researchers. For reviews of studies up to the 1980s, see Garc\u00eda Uranga 1988 and Laylander 1992 in the Bibliography. For some of the more extensive investigations, see the reports by Harry Crosby, Barbro Dahlgren, Emma Lou Davis, L\u00e9on Diguet, Harumi Fujita, Mar\u00eda de la Luz Guti\u00e9rrez, Enrique Hambleton, Justin R. Hyland, Ken Hedges, William C. Massey, Clement W. Meighan, Jerry Moore, Eric W. Ritter, and Donald R. Tuohy. \u00a9 2002 Don Laylander<\/p>\n","protected":false},"author":1,"featured_media":0,"parent":0,"menu_order":0,"comment_status":"closed","ping_status":"closed","template":"","meta":{"nf_dc_page":"","footnotes":""},"class_list":["post-70","page","type-page","status-publish","hentry"],"yoast_head":"<!-- This site is optimized with the Yoast SEO plugin v27.4 - https:\/\/yoast.com\/product\/yoast-seo-wordpress\/ -->\n<title>Prehistoric Archaeology - Baja California and Southern California<\/title>\n<meta name=\"description\" content=\"Baja California&#039;s prehistory is evidenced by shell middens, rock art panels, hunting blinds, quarries, burial caves, camps, and villages.\" \/>\n<meta name=\"robots\" content=\"index, follow, max-snippet:-1, max-image-preview:large, max-video-preview:-1\" \/>\n<link rel=\"canonical\" href=\"https:\/\/sandiegoarchaeology.org\/baja-and-california\/prehistoric-archaeology\/\" \/>\n<meta property=\"og:locale\" content=\"en_US\" \/>\n<meta property=\"og:type\" content=\"article\" \/>\n<meta property=\"og:title\" content=\"Prehistoric Archaeology - Baja California and Southern California\" \/>\n<meta property=\"og:description\" content=\"Baja California&#039;s prehistory is evidenced by shell middens, rock art panels, hunting blinds, quarries, burial caves, camps, and villages.\" \/>\n<meta property=\"og:url\" content=\"https:\/\/sandiegoarchaeology.org\/baja-and-california\/prehistoric-archaeology\/\" \/>\n<meta property=\"og:site_name\" content=\"Baja California and Southern California\" \/>\n<meta property=\"article:publisher\" content=\"https:\/\/www.facebook.com\/SDArchCenter\/\" \/>\n<meta property=\"article:modified_time\" content=\"2024-09-15T16:21:11+00:00\" \/>\n<meta property=\"og:image\" content=\"http:\/\/sandiegoarchaeology.org\/baja-and-california\/wp-content\/uploads\/2024\/07\/armpenga.gif\" \/>\n<meta name=\"twitter:card\" content=\"summary_large_image\" \/>\n<meta name=\"twitter:label1\" content=\"Est. reading time\" \/>\n\t<meta name=\"twitter:data1\" content=\"3 minutes\" \/>\n<script type=\"application\/ld+json\" class=\"yoast-schema-graph\">{\"@context\":\"https:\\\/\\\/schema.org\",\"@graph\":[{\"@type\":\"WebPage\",\"@id\":\"https:\\\/\\\/sandiegoarchaeology.org\\\/baja-and-california\\\/prehistoric-archaeology\\\/\",\"url\":\"https:\\\/\\\/sandiegoarchaeology.org\\\/baja-and-california\\\/prehistoric-archaeology\\\/\",\"name\":\"Prehistoric Archaeology - Baja California and Southern California\",\"isPartOf\":{\"@id\":\"https:\\\/\\\/sandiegoarchaeology.org\\\/baja-and-california\\\/#website\"},\"primaryImageOfPage\":{\"@id\":\"https:\\\/\\\/sandiegoarchaeology.org\\\/baja-and-california\\\/prehistoric-archaeology\\\/#primaryimage\"},\"image\":{\"@id\":\"https:\\\/\\\/sandiegoarchaeology.org\\\/baja-and-california\\\/prehistoric-archaeology\\\/#primaryimage\"},\"thumbnailUrl\":\"http:\\\/\\\/sandiegoarchaeology.org\\\/baja-and-california\\\/wp-content\\\/uploads\\\/2024\\\/07\\\/armpenga.gif\",\"datePublished\":\"2024-07-26T17:06:22+00:00\",\"dateModified\":\"2024-09-15T16:21:11+00:00\",\"description\":\"Baja California's prehistory is evidenced by shell middens, rock art panels, hunting blinds, quarries, burial caves, camps, and villages.\",\"breadcrumb\":{\"@id\":\"https:\\\/\\\/sandiegoarchaeology.org\\\/baja-and-california\\\/prehistoric-archaeology\\\/#breadcrumb\"},\"inLanguage\":\"en-US\",\"potentialAction\":[{\"@type\":\"ReadAction\",\"target\":[\"https:\\\/\\\/sandiegoarchaeology.org\\\/baja-and-california\\\/prehistoric-archaeology\\\/\"]}]},{\"@type\":\"ImageObject\",\"inLanguage\":\"en-US\",\"@id\":\"https:\\\/\\\/sandiegoarchaeology.org\\\/baja-and-california\\\/prehistoric-archaeology\\\/#primaryimage\",\"url\":\"https:\\\/\\\/sandiegoarchaeology.org\\\/baja-and-california\\\/wp-content\\\/uploads\\\/2024\\\/07\\\/armpenga.gif\",\"contentUrl\":\"https:\\\/\\\/sandiegoarchaeology.org\\\/baja-and-california\\\/wp-content\\\/uploads\\\/2024\\\/07\\\/armpenga.gif\",\"width\":146,\"height\":160},{\"@type\":\"BreadcrumbList\",\"@id\":\"https:\\\/\\\/sandiegoarchaeology.org\\\/baja-and-california\\\/prehistoric-archaeology\\\/#breadcrumb\",\"itemListElement\":[{\"@type\":\"ListItem\",\"position\":1,\"name\":\"Home\",\"item\":\"https:\\\/\\\/sandiegoarchaeology.org\\\/baja-and-california\\\/\"},{\"@type\":\"ListItem\",\"position\":2,\"name\":\"Prehistoric Archaeology\"}]},{\"@type\":\"WebSite\",\"@id\":\"https:\\\/\\\/sandiegoarchaeology.org\\\/baja-and-california\\\/#website\",\"url\":\"https:\\\/\\\/sandiegoarchaeology.org\\\/baja-and-california\\\/\",\"name\":\"Baja and California\",\"description\":\"San Diego Archaeological Center\",\"potentialAction\":[{\"@type\":\"SearchAction\",\"target\":{\"@type\":\"EntryPoint\",\"urlTemplate\":\"https:\\\/\\\/sandiegoarchaeology.org\\\/baja-and-california\\\/?s={search_term_string}\"},\"query-input\":{\"@type\":\"PropertyValueSpecification\",\"valueRequired\":true,\"valueName\":\"search_term_string\"}}],\"inLanguage\":\"en-US\"}]}<\/script>\n<!-- \/ Yoast SEO plugin. -->","yoast_head_json":{"title":"Prehistoric Archaeology - Baja California and Southern California","description":"Baja California's prehistory is evidenced by shell middens, rock art panels, hunting blinds, quarries, burial caves, camps, and villages.","robots":{"index":"index","follow":"follow","max-snippet":"max-snippet:-1","max-image-preview":"max-image-preview:large","max-video-preview":"max-video-preview:-1"},"canonical":"https:\/\/sandiegoarchaeology.org\/baja-and-california\/prehistoric-archaeology\/","og_locale":"en_US","og_type":"article","og_title":"Prehistoric Archaeology - Baja California and Southern California","og_description":"Baja California's prehistory is evidenced by shell middens, rock art panels, hunting blinds, quarries, burial caves, camps, and villages.","og_url":"https:\/\/sandiegoarchaeology.org\/baja-and-california\/prehistoric-archaeology\/","og_site_name":"Baja California and Southern California","article_publisher":"https:\/\/www.facebook.com\/SDArchCenter\/","article_modified_time":"2024-09-15T16:21:11+00:00","og_image":[{"url":"http:\/\/sandiegoarchaeology.org\/baja-and-california\/wp-content\/uploads\/2024\/07\/armpenga.gif","type":"","width":"","height":""}],"twitter_card":"summary_large_image","twitter_misc":{"Est. reading time":"3 minutes"},"schema":{"@context":"https:\/\/schema.org","@graph":[{"@type":"WebPage","@id":"https:\/\/sandiegoarchaeology.org\/baja-and-california\/prehistoric-archaeology\/","url":"https:\/\/sandiegoarchaeology.org\/baja-and-california\/prehistoric-archaeology\/","name":"Prehistoric Archaeology - Baja California and Southern California","isPartOf":{"@id":"https:\/\/sandiegoarchaeology.org\/baja-and-california\/#website"},"primaryImageOfPage":{"@id":"https:\/\/sandiegoarchaeology.org\/baja-and-california\/prehistoric-archaeology\/#primaryimage"},"image":{"@id":"https:\/\/sandiegoarchaeology.org\/baja-and-california\/prehistoric-archaeology\/#primaryimage"},"thumbnailUrl":"http:\/\/sandiegoarchaeology.org\/baja-and-california\/wp-content\/uploads\/2024\/07\/armpenga.gif","datePublished":"2024-07-26T17:06:22+00:00","dateModified":"2024-09-15T16:21:11+00:00","description":"Baja California's prehistory is evidenced by shell middens, rock art panels, hunting blinds, quarries, burial caves, camps, and villages.","breadcrumb":{"@id":"https:\/\/sandiegoarchaeology.org\/baja-and-california\/prehistoric-archaeology\/#breadcrumb"},"inLanguage":"en-US","potentialAction":[{"@type":"ReadAction","target":["https:\/\/sandiegoarchaeology.org\/baja-and-california\/prehistoric-archaeology\/"]}]},{"@type":"ImageObject","inLanguage":"en-US","@id":"https:\/\/sandiegoarchaeology.org\/baja-and-california\/prehistoric-archaeology\/#primaryimage","url":"https:\/\/sandiegoarchaeology.org\/baja-and-california\/wp-content\/uploads\/2024\/07\/armpenga.gif","contentUrl":"https:\/\/sandiegoarchaeology.org\/baja-and-california\/wp-content\/uploads\/2024\/07\/armpenga.gif","width":146,"height":160},{"@type":"BreadcrumbList","@id":"https:\/\/sandiegoarchaeology.org\/baja-and-california\/prehistoric-archaeology\/#breadcrumb","itemListElement":[{"@type":"ListItem","position":1,"name":"Home","item":"https:\/\/sandiegoarchaeology.org\/baja-and-california\/"},{"@type":"ListItem","position":2,"name":"Prehistoric Archaeology"}]},{"@type":"WebSite","@id":"https:\/\/sandiegoarchaeology.org\/baja-and-california\/#website","url":"https:\/\/sandiegoarchaeology.org\/baja-and-california\/","name":"Baja and California","description":"San Diego Archaeological Center","potentialAction":[{"@type":"SearchAction","target":{"@type":"EntryPoint","urlTemplate":"https:\/\/sandiegoarchaeology.org\/baja-and-california\/?s={search_term_string}"},"query-input":{"@type":"PropertyValueSpecification","valueRequired":true,"valueName":"search_term_string"}}],"inLanguage":"en-US"}]}},"acf":[],"_links":{"self":[{"href":"https:\/\/sandiegoarchaeology.org\/baja-and-california\/wp-json\/wp\/v2\/pages\/70","targetHints":{"allow":["GET"]}}],"collection":[{"href":"https:\/\/sandiegoarchaeology.org\/baja-and-california\/wp-json\/wp\/v2\/pages"}],"about":[{"href":"https:\/\/sandiegoarchaeology.org\/baja-and-california\/wp-json\/wp\/v2\/types\/page"}],"author":[{"embeddable":true,"href":"https:\/\/sandiegoarchaeology.org\/baja-and-california\/wp-json\/wp\/v2\/users\/1"}],"replies":[{"embeddable":true,"href":"https:\/\/sandiegoarchaeology.org\/baja-and-california\/wp-json\/wp\/v2\/comments?post=70"}],"version-history":[{"count":3,"href":"https:\/\/sandiegoarchaeology.org\/baja-and-california\/wp-json\/wp\/v2\/pages\/70\/revisions"}],"predecessor-version":[{"id":74,"href":"https:\/\/sandiegoarchaeology.org\/baja-and-california\/wp-json\/wp\/v2\/pages\/70\/revisions\/74"}],"wp:attachment":[{"href":"https:\/\/sandiegoarchaeology.org\/baja-and-california\/wp-json\/wp\/v2\/media?parent=70"}],"curies":[{"name":"wp","href":"https:\/\/api.w.org\/{rel}","templated":true}]}}